 7*1 + (-5 - -2). Suppose -46 = -c*u - 2. What is the highest common factor of 55 and u?
11
Suppose 0 = -4*n + 266 + 222. Let o be 1/((1*2)/(-124)). Let h = o + n. What is the greatest common factor of 24 and h?
12
Suppose -2*v = 3*x + x - 126, -108 = -2*v + 2*x. Let l(s) = -18*s**3 + s**2. Let o be l(-1). Calculate the greatest common divisor of o and v.
19
Let g be ((-2)/(-3))/(2/60). Let u be (-1)/(-3) - (-22)/(-3). Let s be -1*(u - -1 - -1). What is the highest common factor of s and g?
5
Let i = 42 - 27. Let x = 470 - i. Suppose 66 = -3*u - 5*w + 331, -5*u = -5*w - x. Calculate the greatest common factor of u and 9.
9
Let q be 2/((-2)/(-5)) + 0. Let y(f) = -q + f**2 - f**2 + 8*f - f**2. Let j be y(6). Calculate the greatest common factor of j and 77.
7
Let v = -14 - -24. Suppose 6 + 0 = 3*f. Let u be (f/(-4))/((-1)/40). Calculate the highest common factor of u and v.
10
Suppose 3*a - 910 = -2*a. Calculate the highest common divisor of 14 and a.
14
Suppose 3*v + 3*h - 51 = 15, 5*v = h + 80. Calculate the greatest common divisor of v and 68.
17
Suppose -9 + 5 = -2*w. Suppose -w*k = 6, -2*a - k = -5*k - 36. Calculate the greatest common factor of a and 6.
6
Let b = -91 - -129. Calculate the greatest common divisor of 95 and b.
19
Let x = -2 - 1. Let q = 5 + x. Calculate the greatest common factor of q and 12.
2
Let g(y) = -y**2 + 8. Let p be g(0). Let z(c) = -c**3 + 15*c**2 - 13*c - 12. Let h be z(14). Calculate the greatest common divisor of h and p.
2
Let n = -1 - -2. Let o be n*2*3/2. Let s(x) = -3*x**3 + x**2 + 3*x + 2. Let d be s(-2). What is the highest common divisor of d and o?
3
Let m be (-642)/27 - (-8)/(-36). Let i = m + 36. Calculate the highest common factor of i and 84.
12
Let t = -42 - -62. Let i be t - (-1)/(-1) - 1. Calculate the greatest common factor of 90 and i.
18
Let b(u) = -3*u + 4*u + 1 - u**2 + 0*u**2 - 13*u**3. Let q be b(-1). Suppose 2*s = 126 - 118. What is the greatest common factor of q and s?
4
Let m be 60/4*(-1 - -4). Suppose 3*a = 9, 0 = -o - 0*o + 2*a - 1. What is the greatest common divisor of m and o?
5
Suppose 4*i = 4*q + 20, 10 = i + 2*q - 4. Let d = 12 - i. Suppose 2*p - 60 = -4*n, d*n - 2*p = -0*p + 60. Calculate the highest common divisor of 165 and n.
15
Let o(l) = 2*l**2 - 5*l - 12. Let d be o(5). What is the highest common factor of d and 13?
13
Suppose -2*y - 13 = -5*y - 4*k, 5 = 5*k. Let l(q) = 0*q**2 - 6 - 2*q - q**y + 0*q**2 - 5*q**2. Let j be l(-5). Calculate the highest common divisor of j and 8.
4
Let u = 1 + 4. Suppose -2*h - 5 = -l + u, -3*h = 6. What is the highest common factor of 4 and l?
2
Let t(n) = n**2 + 3*n - 1. Let v be t(2). Let o be 756/21 - (0 + 0). Calculate the highest common divisor of o and v.
9
Suppose -276 = -5*m - 4*f, 5*m = 2*f + 198 + 54. Let c(j) = j**3 + 8*j**2 - 3*j - 11. Let g be c(-8). Calculate the highest common factor of g and m.
13
Let i be ((-1)/3)/((-5)/30). Suppose 9*p = 4*p + 15. Suppose -i*d = -p*d + 50. Calculate the highest common factor of 5 and d.
5
Let u(l) = -7*l - 12. Let j be u(-3). Let h = -8 + 18. Let q = 16 - h. Calculate the highest common factor of j and q.
3
Let b = -12 + 13. Let c be (-1 - 2)*(2 - 3). What is the highest common factor of b and c?
1
Suppose 3*z - 271 = -y, -2*z + 0*y + 186 = -2*y. What is the highest common factor of 13 and z?
13
Let r = -28 - -56. What is the highest common factor of r and 4?
4
Let b be (-208)/10*((-27)/6 - -2). What is the highest common factor of b and 4?
4
Let t(i) = i**2 + 2*i - 6. Let y be t(-6). Let n be y/(-6*3/(-12)). What is the greatest common divisor of 48 and n?
12
Suppose 3*p + 90 = 6*p. Calculate the highest common divisor of 330 and p.
30
Let t = 53 - 11. Suppose -145 = -5*h - 5. What is the highest common divisor of h and t?
14
Let v(f) = 2*f + 14. Let d be v(0). What is the greatest common factor of 2 and d?
2
Let r(p) be the first derivative of -p**4/4 + 4*p**3/3 + p**2 - 4*p + 8. Let v = 11 - 7. Let f be r(v). What is the greatest common factor of f and 16?
4
Suppose 12*m = 14*m - 6. What is the highest common factor of m and 1?
1
Let j(x) = -x + 7. Let s be j(5). Suppose s*q = 27 + 13. Let i(u) = -u**2 - u + 4. Let a be i(0). Calculate the greatest common factor of q and a.
4
Suppose -4*s - 66 - 126 = -4*z, -2*z = 2*s - 108. Calculate the highest common factor of 17 and z.
17
Let q(n) = 2*n**2 - 45*n - 1. Let m be q(23). Let f(i) = 9*i**2 - i. Let b be f(5). Calculate the greatest common divisor of m and b.
22
Suppose 9*s - 166 = -22. Suppose 0 = -2*o - o - 4*j + 132, 5*o + j - 237 = 0. Calculate the greatest common factor of s and o.
16
Suppose 22*v - 25*v = -75. What is the highest common factor of 10 and v?
5
Suppose t + 38 = s + 8, 30 = s + 3*t. Let w(u) = 45*u**2 - u - 1. Let q be w(-1). What is the highest common factor of s and q?
15
Suppose -4*w - 7 - 45 = 0. Let u = 33 + w. Let b(v) = 5*v - 15. Let l be b(15). What is the greatest common divisor of l and u?
20
Let c be (-98)/(-5) + 18/45. Calculate the greatest common divisor of c and 4.
4
Let t = -6 - -25. Calculate the highest common divisor of 171 and t.
19
Suppose r - 1 = 2*z - 4, -3*z = -3*r + 3. Suppose z*d - 3*d = 1. Calculate the highest common factor of d and 1.
1
Let t = 72 + -43. Suppose 0 = 5*b + 11 + t. Let v be (-1 + -1)/(b/28). Calculate the greatest common factor of v and 14.
7
Let x(j) = -j + 3. Let h be x(-2). What is the highest common divisor of 55 and h?
5
Let i = -7 + 7. Suppose i = -q + 5*q. Suppose 3*s + 5*l = 52, l - 50 = -5*s - q*s. Calculate the greatest common factor of s and 27.
9
Let r = 56 - 51. Calculate the highest common divisor of r and 5.
5
Let x(s) = -s**3 + s. Let k be x(-1). Let y be 0/(2 + k) - -2. Let c be 38 + (-3 - (y + -3)). What is the highest common factor of 4 and c?
4
Let h = 43 - 19. Calculate the highest common factor of 12 and h.
12
Let s(v) = -v**3 - 4*v**2 - v + 4. Let l be s(-3). Let d be -10*(l + (-8)/(-5)). Suppose -56 = -5*p + d. Calculate the greatest common divisor of 48 and p.
12
Let y(m) = -3 + 2*m - 9 + 0 + 0*m. Let d be y(14). Suppose 0 = -p + 21 + 19. What is the greatest common divisor of p and d?
8
Let k(a) be the second derivative of 23*a**3/6 - a**2 - a. Let q be k(3). Suppose -15 = 4*o - q. Calculate the greatest common divisor of 13 and o.
13
Suppose 0 = 4*n - 5*y - 26, y = -5*n + 2*y + 43. Calculate the highest common divisor of n and 27.
9
Suppose -5*l - c = -2*c + 6, -5*l + 5*c = -10. Let t = l - -10. What is the highest common factor of 2 and t?
2
Suppose -m = -5*m + 40. Let y = m + -2. Let t be 0/(-2) - (-1 + -7). Calculate the highest common divisor of y and t.
8
Suppose 2*c - 12 = -0*c. Let r = -2 + c. Let a(g) = g**3 - 2*g**2 + 6*g - 2. Let f be a(r). Calculate the highest common divisor of 6 and f.
6
Let l(n) = -n**3 + 9*n**2 - 12*n + 38. Let f be l(8). What is the highest common factor of 132 and f?
6
Let x(p) = p**3 + 6*p**2 + 6*p + 2. Let t be x(-5). Let d(z) = z**3 + 6*z**2 - 2*z - 3. Let u be d(t). What is the greatest common factor of u and 20?
10
Suppose -1 = -5*b + 24. Let g = -3 - -4. Calculate the greatest common factor of b and g.
1
Let k = -8 + 9. Let f be 9 - k/(2 - 3). What is the greatest common factor of f and 4?
2
Let t = 3 + 0. Suppose -3*a - 2*y + 103 = 0, -t*y - 4 = -1. Calculate the greatest common factor of 7 and a.
7
Let c be 102/(-12) + 3/(-2). Let h be (c/3)/((-8)/204). What is the greatest common divisor of 17 and h?
17
Let w be (-1 - -58) + 1*-3. Let n be ((-9)/6)/((-3)/w). What is the highest common factor of n and 3?
3
Let u = -14 + 26. Let z = 6 + -2. What is the greatest common factor of u and z?
4
Let i be 2/(-2) - (-5 + 2). Suppose -m + 4*m - i*v - 5 = 0, -5 = 5*v. Let q = -16 + 25. What is the highest common factor of m and q?
1
Let j(c) = -41*c - 5. Let q be j(-3). Suppose -5*k + 5*u = -255, 2*u - q - 165 = -5*k. What is the highest common divisor of 5 and k?
5
Let g be 31/2 + (-2)/(-4). Suppose -v + 6*a + 32 = 2*a, -5*v - 2*a = -138. Let j = v - g. Calculate the greatest common factor of j and 12.
12
Let k(q) = 2*q**3 - q**2 - 5*q + 11. Let h be k(2). What is the greatest common divisor of h and 39?
13
Suppose 3 = -3*f + 27. Suppose -12*r = -16*r. Suppose 2*s = -3*t - 3*s + 105, -s - 3 = r. What is the highest 